{"id":391,"date":"2018-07-30T18:27:57","date_gmt":"2018-07-30T18:27:57","guid":{"rendered":"https:\/\/www.koine-aequalitas.org\/proyectos\/"},"modified":"2024-12-04T16:00:44","modified_gmt":"2024-12-04T16:00:44","slug":"proyectos","status":"publish","type":"page","link":"https:\/\/www.koine-aequalitas.org\/fr\/proyectos\/","title":{"rendered":"Proyectos"},"content":{"rendered":"<p>[et_pb_section fb_built=\u00a0\u00bb1&Prime; fullwidth=\u00a0\u00bbon\u00a0\u00bb _builder_version=\u00a0\u00bb4.16&Prime; global_colors_info=\u00a0\u00bb{}\u00a0\u00bb][et_pb_fullwidth_header title=\u00a0\u00bbProjets en vedette\u00a0\u00bb text_orientation=\u00a0\u00bbcenter\u00a0\u00bb _builder_version=\u00a0\u00bb4.27.0&Prime; custom_padding=\u00a0\u00bb1em||1em|\u00a0\u00bb text_shadow_style=\u00a0\u00bbpreset1&Prime; global_colors_info=\u00a0\u00bb{}\u00a0\u00bb button_one_text_size__hover_enabled=\u00a0\u00bboff\u00a0\u00bb button_two_text_size__hover_enabled=\u00a0\u00bboff\u00a0\u00bb button_one_text_color__hover_enabled=\u00a0\u00bboff\u00a0\u00bb button_two_text_color__hover_enabled=\u00a0\u00bboff\u00a0\u00bb button_one_border_width__hover_enabled=\u00a0\u00bboff\u00a0\u00bb button_two_border_width__hover_enabled=\u00a0\u00bboff\u00a0\u00bb button_one_border_color__hover_enabled=\u00a0\u00bboff\u00a0\u00bb button_two_border_color__hover_enabled=\u00a0\u00bboff\u00a0\u00bb button_one_border_radius__hover_enabled=\u00a0\u00bboff\u00a0\u00bb button_two_border_radius__hover_enabled=\u00a0\u00bboff\u00a0\u00bb button_one_letter_spacing__hover_enabled=\u00a0\u00bboff\u00a0\u00bb button_two_letter_spacing__hover_enabled=\u00a0\u00bboff\u00a0\u00bb button_one_bg_color__hover_enabled=\u00a0\u00bboff\u00a0\u00bb button_two_bg_color__hover_enabled=\u00a0\u00bboff\u00a0\u00bb][\/et_pb_fullwidth_header][\/et_pb_section][et_pb_section fb_built=\u00a0\u00bb1&Prime; _builder_version=\u00a0\u00bb4.16&Prime; global_colors_info=\u00a0\u00bb{}\u00a0\u00bb][et_pb_row _builder_version=\u00a0\u00bb4.16&Prime; background_size=\u00a0\u00bbinitial\u00a0\u00bb background_position=\u00a0\u00bbtop_left\u00a0\u00bb background_repeat=\u00a0\u00bbrepeat\u00a0\u00bb global_colors_info=\u00a0\u00bb{}\u00a0\u00bb][et_pb_column type=\u00a0\u00bb4_4&Prime; _builder_version=\u00a0\u00bb4.16&Prime; custom_padding=\u00a0\u00bb|||\u00a0\u00bb global_colors_info=\u00a0\u00bb{}\u00a0\u00bb custom_padding__hover=\u00a0\u00bb|||\u00a0\u00bb][et_pb_text _builder_version=\u00a0\u00bb4.27.0&Prime; global_colors_info=\u00a0\u00bb{}\u00a0\u00bb]<\/p>\n<p>\u00c0 la <strong>Fondation KOINE AEQUALITAS<\/strong>, nous d\u00e9veloppons des projets innovants et \u00e0 fort impact dans diff\u00e9rents domaines et th\u00e9matiques.<\/p>\n<p>\u00c0 cette fin, nous entretenons plusieurs r\u00e9seaux de travail collaboratif avec lesquels nous d\u00e9veloppons continuellement des projets au niveau national et europ\u00e9en, et avec lesquels nous avons \u00e9tabli des m\u00e9thodologies de travail bas\u00e9es sur le respect mutuel, l&rsquo;excellence et la qualit\u00e9 professionnelle.<\/p>\n<p>Ainsi, nous pouvons promouvoir, diriger ou participer \u00e0 diff\u00e9rents projets d&rsquo;innovation en collaboration avec d&rsquo;autres entit\u00e9s, universit\u00e9s et autres organisations ayant des approches similaires \u00e0 la n\u00f4tre, avec lesquelles nous g\u00e9n\u00e9rons des synergies dans la r\u00e9alisation de nos objectifs fondateurs.<\/p>\n<p>[\/et_pb_text][et_pb_text _builder_version=\u00a0\u00bb4.27.2&Prime; hover_enabled=\u00a0\u00bb0&Prime; global_colors_info=\u00a0\u00bb{}\u00a0\u00bb sticky_enabled=\u00a0\u00bb0&Prime; background_color=\u00a0\u00bb#CCCC00&Prime; text_orientation=\u00a0\u00bbcenter\u00a0\u00bb width=\u00a0\u00bb80%\u00a0\u00bb module_alignment=\u00a0\u00bbcenter\u00a0\u00bb custom_padding=\u00a0\u00bb|30px||30px|false|false\u00a0\u00bb border_width_all=\u00a0\u00bb1px\u00a0\u00bb box_shadow_style=\u00a0\u00bbpreset1&Prime;]<span style=\"color: #000000;\">Le projet GENYOUTH a re\u00e7u le 1er Prix d&rsquo;Innovation Sociale dans les Services Sociaux de Navarre 2020, d\u00e9cern\u00e9 par le Gouvernement de Navarre et la Fondation Tom\u00e1s et Lydia Recari Garc\u00eda.<\/span><\/p>\n<p style=\"text-align: center;\"><span style=\"color: #000000;\"><a style=\"color: #000000;\" href=\"https:\/\/www.navarra.es\/es\/noticias\/2020\/11\/04\/un-proyecto-para-detectar-violencia-de-genero-en-menores-entre-6-y-18-anos-de-la-fundacion-koine-aequalitas-recibe-el-i-premio-a-la-innovacion-social-del-departamento-de-derechos-sociales\" target=\"_blank\" rel=\"nofollow noopener noreferrer\"><strong>\u00a0<em>EN SAVOIR PLUS<\/em><\/strong><\/a><\/span><\/p>\n<p>[\/et_pb_text][et_pb_portfolio fullwidth=\u00a0\u00bboff\u00a0\u00bb posts_number=\u00a0\u00bb12&Prime; show_categories=\u00a0\u00bboff\u00a0\u00bb zoom_icon_color=\u00a0\u00bb#2ea3f2&Prime; module_class=\u00a0\u00bbthree-column-grid\u00a0\u00bb _builder_version=\u00a0\u00bb4.24.0&Prime; global_colors_info=\u00a0\u00bb{}\u00a0\u00bb][\/et_pb_portfolio][\/et_pb_column][\/et_pb_row][\/et_pb_section]<\/p>\n","protected":false},"excerpt":{"rendered":"<p>\u00c0 la Fondation KOINE AEQUALITAS, nous d\u00e9veloppons des projets innovants et \u00e0 fort impact dans diff\u00e9rents domaines et th\u00e9matiques. \u00c0 cette fin, nous entretenons plusieurs r\u00e9seaux de travail collaboratif avec lesquels nous d\u00e9veloppons continuellement des projets au niveau national et europ\u00e9en, et avec lesquels nous avons \u00e9tabli des m\u00e9thodologies de travail bas\u00e9es sur le respect [&hellip;]<\/p>\n","protected":false},"author":1,"featured_media":0,"parent":0,"menu_order":0,"comment_status":"closed","ping_status":"closed","template":"","meta":{"_et_pb_use_builder":"on","_et_pb_old_content":"","_et_gb_content_width":"","footnotes":""},"class_list":["post-391","page","type-page","status-publish","hentry"],"yoast_head":"<!-- This site is optimized with the Yoast SEO plugin v27.4 - https:\/\/yoast.com\/product\/yoast-seo-wordpress\/ -->\n<title>Proyectos - Koine<\/title>\n<meta name=\"robots\" content=\"index, follow, max-snippet:-1, max-image-preview:large, max-video-preview:-1\" \/>\n<link rel=\"canonical\" href=\"https:\/\/www.koine-aequalitas.org\/fr\/proyectos\/\" \/>\n<meta property=\"og:locale\" content=\"fr_FR\" \/>\n<meta property=\"og:type\" content=\"article\" \/>\n<meta property=\"og:title\" content=\"Proyectos - Koine\" \/>\n<meta property=\"og:description\" content=\"\u00c0 la Fondation KOINE AEQUALITAS, nous d\u00e9veloppons des projets innovants et \u00e0 fort impact dans diff\u00e9rents domaines et th\u00e9matiques. \u00c0 cette fin, nous entretenons plusieurs r\u00e9seaux de travail collaboratif avec lesquels nous d\u00e9veloppons continuellement des projets au niveau national et europ\u00e9en, et avec lesquels nous avons \u00e9tabli des m\u00e9thodologies de travail bas\u00e9es sur le respect [&hellip;]\" \/>\n<meta property=\"og:url\" content=\"https:\/\/www.koine-aequalitas.org\/fr\/proyectos\/\" \/>\n<meta property=\"og:site_name\" content=\"Koine\" \/>\n<meta property=\"article:modified_time\" content=\"2024-12-04T16:00:44+00:00\" \/>\n<meta name=\"twitter:card\" content=\"summary_large_image\" \/>\n<meta name=\"twitter:label1\" content=\"Dur\u00e9e de lecture estim\u00e9e\" \/>\n\t<meta name=\"twitter:data1\" content=\"3 minutes\" \/>\n<script type=\"application\/ld+json\" class=\"yoast-schema-graph\">{\"@context\":\"https:\\\/\\\/schema.org\",\"@graph\":[{\"@type\":\"WebPage\",\"@id\":\"https:\\\/\\\/www.koine-aequalitas.org\\\/fr\\\/proyectos\\\/\",\"url\":\"https:\\\/\\\/www.koine-aequalitas.org\\\/fr\\\/proyectos\\\/\",\"name\":\"Proyectos - Koine\",\"isPartOf\":{\"@id\":\"https:\\\/\\\/www.koine-aequalitas.org\\\/#website\"},\"datePublished\":\"2018-07-30T18:27:57+00:00\",\"dateModified\":\"2024-12-04T16:00:44+00:00\",\"breadcrumb\":{\"@id\":\"https:\\\/\\\/www.koine-aequalitas.org\\\/fr\\\/proyectos\\\/#breadcrumb\"},\"inLanguage\":\"fr-FR\",\"potentialAction\":[{\"@type\":\"ReadAction\",\"target\":[\"https:\\\/\\\/www.koine-aequalitas.org\\\/fr\\\/proyectos\\\/\"]}]},{\"@type\":\"BreadcrumbList\",\"@id\":\"https:\\\/\\\/www.koine-aequalitas.org\\\/fr\\\/proyectos\\\/#breadcrumb\",\"itemListElement\":[{\"@type\":\"ListItem\",\"position\":1,\"name\":\"Portada\",\"item\":\"https:\\\/\\\/www.koine-aequalitas.org\\\/fr\\\/\"},{\"@type\":\"ListItem\",\"position\":2,\"name\":\"Proyectos\"}]},{\"@type\":\"WebSite\",\"@id\":\"https:\\\/\\\/www.koine-aequalitas.org\\\/#website\",\"url\":\"https:\\\/\\\/www.koine-aequalitas.org\\\/\",\"name\":\"Koine\",\"description\":\"Fundaci\u00f3n para la promoci\u00b4no de derechos de las personas con discapacidad y\\\/o riesgo de exclusi\u00f3n social\",\"potentialAction\":[{\"@type\":\"SearchAction\",\"target\":{\"@type\":\"EntryPoint\",\"urlTemplate\":\"https:\\\/\\\/www.koine-aequalitas.org\\\/?s={search_term_string}\"},\"query-input\":{\"@type\":\"PropertyValueSpecification\",\"valueRequired\":true,\"valueName\":\"search_term_string\"}}],\"inLanguage\":\"fr-FR\"}]}<\/script>\n<!-- \/ Yoast SEO plugin. -->","yoast_head_json":{"title":"Proyectos - Koine","robots":{"index":"index","follow":"follow","max-snippet":"max-snippet:-1","max-image-preview":"max-image-preview:large","max-video-preview":"max-video-preview:-1"},"canonical":"https:\/\/www.koine-aequalitas.org\/fr\/proyectos\/","og_locale":"fr_FR","og_type":"article","og_title":"Proyectos - Koine","og_description":"\u00c0 la Fondation KOINE AEQUALITAS, nous d\u00e9veloppons des projets innovants et \u00e0 fort impact dans diff\u00e9rents domaines et th\u00e9matiques. \u00c0 cette fin, nous entretenons plusieurs r\u00e9seaux de travail collaboratif avec lesquels nous d\u00e9veloppons continuellement des projets au niveau national et europ\u00e9en, et avec lesquels nous avons \u00e9tabli des m\u00e9thodologies de travail bas\u00e9es sur le respect [&hellip;]","og_url":"https:\/\/www.koine-aequalitas.org\/fr\/proyectos\/","og_site_name":"Koine","article_modified_time":"2024-12-04T16:00:44+00:00","twitter_card":"summary_large_image","twitter_misc":{"Dur\u00e9e de lecture estim\u00e9e":"3 minutes"},"schema":{"@context":"https:\/\/schema.org","@graph":[{"@type":"WebPage","@id":"https:\/\/www.koine-aequalitas.org\/fr\/proyectos\/","url":"https:\/\/www.koine-aequalitas.org\/fr\/proyectos\/","name":"Proyectos - Koine","isPartOf":{"@id":"https:\/\/www.koine-aequalitas.org\/#website"},"datePublished":"2018-07-30T18:27:57+00:00","dateModified":"2024-12-04T16:00:44+00:00","breadcrumb":{"@id":"https:\/\/www.koine-aequalitas.org\/fr\/proyectos\/#breadcrumb"},"inLanguage":"fr-FR","potentialAction":[{"@type":"ReadAction","target":["https:\/\/www.koine-aequalitas.org\/fr\/proyectos\/"]}]},{"@type":"BreadcrumbList","@id":"https:\/\/www.koine-aequalitas.org\/fr\/proyectos\/#breadcrumb","itemListElement":[{"@type":"ListItem","position":1,"name":"Portada","item":"https:\/\/www.koine-aequalitas.org\/fr\/"},{"@type":"ListItem","position":2,"name":"Proyectos"}]},{"@type":"WebSite","@id":"https:\/\/www.koine-aequalitas.org\/#website","url":"https:\/\/www.koine-aequalitas.org\/","name":"Koine","description":"Fundaci\u00f3n para la promoci\u00b4no de derechos de las personas con discapacidad y\/o riesgo de exclusi\u00f3n social","potentialAction":[{"@type":"SearchAction","target":{"@type":"EntryPoint","urlTemplate":"https:\/\/www.koine-aequalitas.org\/?s={search_term_string}"},"query-input":{"@type":"PropertyValueSpecification","valueRequired":true,"valueName":"search_term_string"}}],"inLanguage":"fr-FR"}]}},"_links":{"self":[{"href":"https:\/\/www.koine-aequalitas.org\/fr\/wp-json\/wp\/v2\/pages\/391","targetHints":{"allow":["GET"]}}],"collection":[{"href":"https:\/\/www.koine-aequalitas.org\/fr\/wp-json\/wp\/v2\/pages"}],"about":[{"href":"https:\/\/www.koine-aequalitas.org\/fr\/wp-json\/wp\/v2\/types\/page"}],"author":[{"embeddable":true,"href":"https:\/\/www.koine-aequalitas.org\/fr\/wp-json\/wp\/v2\/users\/1"}],"replies":[{"embeddable":true,"href":"https:\/\/www.koine-aequalitas.org\/fr\/wp-json\/wp\/v2\/comments?post=391"}],"version-history":[{"count":5,"href":"https:\/\/www.koine-aequalitas.org\/fr\/wp-json\/wp\/v2\/pages\/391\/revisions"}],"predecessor-version":[{"id":3344,"href":"https:\/\/www.koine-aequalitas.org\/fr\/wp-json\/wp\/v2\/pages\/391\/revisions\/3344"}],"wp:attachment":[{"href":"https:\/\/www.koine-aequalitas.org\/fr\/wp-json\/wp\/v2\/media?parent=391"}],"curies":[{"name":"wp","href":"https:\/\/api.w.org\/{rel}","templated":true}]}}

<p>[et_pb_section fb_built= »1&Prime; fullwidth= »on » _builder_version= »4.16&Prime; global_colors_info= »{} »][et_pb_fullwidth_header title= »Projets en vedette » text_orientation= »center » _builder_version= »4.27.0&Prime; custom_padding= »1em||1em| » text_shadow_style= »preset1&Prime; global_colors_info= »{} » button_one_text_size__hover_enabled= »off » button_two_text_size__hover_enabled= »off » button_one_text_color__hover_enabled= »off » button_two_text_color__hover_enabled= »off » button_one_border_width__hover_enabled= »off » button_two_border_width__hover_enabled= »off » button_one_border_color__hover_enabled= »off » button_two_border_color__hover_enabled= »off » button_one_border_radius__hover_enabled= »off » button_two_border_radius__hover_enabled= »off » button_one_letter_spacing__hover_enabled= »off » button_two_letter_spacing__hover_enabled= »off » button_one_bg_color__hover_enabled= »off » button_two_bg_color__hover_enabled= »off »][/et_pb_fullwidth_header][/et_pb_section][et_pb_section fb_built= »1&Prime; _builder_version= »4.16&Prime; global_colors_info= »{} »][et_pb_row _builder_version= »4.16&Prime; background_size= »initial » background_position= »top_left » background_repeat= »repeat » global_colors_info= »{} »][et_pb_column type= »4_4&Prime; _builder_version= »4.16&Prime; custom_padding= »||| » global_colors_info= »{} » custom_padding__hover= »||| »][et_pb_text _builder_version= »4.27.0&Prime; global_colors_info= »{} »]</p>
<p>À la <strong>Fondation KOINE AEQUALITAS</strong>, nous développons des projets innovants et à fort impact dans différents domaines et thématiques.</p>
<p>À cette fin, nous entretenons plusieurs réseaux de travail collaboratif avec lesquels nous développons continuellement des projets au niveau national et européen, et avec lesquels nous avons établi des méthodologies de travail basées sur le respect mutuel, l&rsquo;excellence et la qualité professionnelle.</p>
<p>Ainsi, nous pouvons promouvoir, diriger ou participer à différents projets d&rsquo;innovation en collaboration avec d&rsquo;autres entités, universités et autres organisations ayant des approches similaires à la nôtre, avec lesquelles nous générons des synergies dans la réalisation de nos objectifs fondateurs.</p>
<p>[/et_pb_text][et_pb_text _builder_version= »4.27.2&Prime; hover_enabled= »0&Prime; global_colors_info= »{} » sticky_enabled= »0&Prime; background_color= »#CCCC00&Prime; text_orientation= »center » width= »80% » module_alignment= »center » custom_padding= »|30px||30px|false|false » border_width_all= »1px » box_shadow_style= »preset1&Prime;]<span style="color: #000000;">Le projet GENYOUTH a reçu le 1er Prix d&rsquo;Innovation Sociale dans les Services Sociaux de Navarre 2020, décerné par le Gouvernement de Navarre et la Fondation Tomás et Lydia Recari García.</span></p>
<p style="text-align: center;"><span style="color: #000000;"><a style="color: #000000;" href="https://www.navarra.es/es/noticias/2020/11/04/un-proyecto-para-detectar-violencia-de-genero-en-menores-entre-6-y-18-anos-de-la-fundacion-koine-aequalitas-recibe-el-i-premio-a-la-innovacion-social-del-departamento-de-derechos-sociales" target="_blank" rel="nofollow noopener noreferrer"><strong> <em>EN SAVOIR PLUS</em></strong></a></span></p>
<p>[/et_pb_text][et_pb_portfolio fullwidth= »off » posts_number= »12&Prime; show_categories= »off » zoom_icon_color= »#2ea3f2&Prime; module_class= »three-column-grid » _builder_version= »4.24.0&Prime; global_colors_info= »{} »][/et_pb_portfolio][/et_pb_column][/et_pb_row][/et_pb_section]</p>

<p>À la Fondation KOINE AEQUALITAS, nous développons des projets innovants et à fort impact dans différents domaines et thématiques. À cette fin, nous entretenons plusieurs réseaux de travail collaboratif avec lesquels nous développons continuellement des projets au niveau national et européen, et avec lesquels nous avons établi des méthodologies de travail basées sur le respect [&hellip;]</p>

<!-- This site is optimized with the Yoast SEO plugin v27.4 - https://yoast.com/product/yoast-seo-wordpress/ -->
<title>Proyectos - Koine</title>
<meta name="robots" content="index, follow, max-snippet:-1, max-image-preview:large, max-video-preview:-1" />
<link rel="canonical" href="https://www.koine-aequalitas.org/fr/proyectos/" />
<meta property="og:locale" content="fr_FR" />
<meta property="og:type" content="article" />
<meta property="og:title" content="Proyectos - Koine" />
<meta property="og:description" content="À la Fondation KOINE AEQUALITAS, nous développons des projets innovants et à fort impact dans différents domaines et thématiques. À cette fin, nous entretenons plusieurs réseaux de travail collaboratif avec lesquels nous développons continuellement des projets au niveau national et européen, et avec lesquels nous avons établi des méthodologies de travail basées sur le respect [&hellip;]" />
<meta property="og:url" content="https://www.koine-aequalitas.org/fr/proyectos/" />
<meta property="og:site_name" content="Koine" />
<meta property="article:modified_time" content="2024-12-04T16:00:44+00:00" />
<meta name="twitter:card" content="summary_large_image" />
<meta name="twitter:label1" content="Durée de lecture estimée" />
	<meta name="twitter:data1" content="3 minutes" />
<script type="application/ld+json" class="yoast-schema-graph">{"@context":"https:\/\/schema.org","@graph":[{"@type":"WebPage","@id":"https:\/\/www.koine-aequalitas.org\/fr\/proyectos\/","url":"https:\/\/www.koine-aequalitas.org\/fr\/proyectos\/","name":"Proyectos - Koine","isPartOf":{"@id":"https:\/\/www.koine-aequalitas.org\/#website"},"datePublished":"2018-07-30T18:27:57+00:00","dateModified":"2024-12-04T16:00:44+00:00","breadcrumb":{"@id":"https:\/\/www.koine-aequalitas.org\/fr\/proyectos\/#breadcrumb"},"inLanguage":"fr-FR","potentialAction":[{"@type":"ReadAction","target":["https:\/\/www.koine-aequalitas.org\/fr\/proyectos\/"]}]},{"@type":"BreadcrumbList","@id":"https:\/\/www.koine-aequalitas.org\/fr\/proyectos\/#breadcrumb","itemListElement":[{"@type":"ListItem","position":1,"name":"Portada","item":"https:\/\/www.koine-aequalitas.org\/fr\/"},{"@type":"ListItem","position":2,"name":"Proyectos"}]},{"@type":"WebSite","@id":"https:\/\/www.koine-aequalitas.org\/#website","url":"https:\/\/www.koine-aequalitas.org\/","name":"Koine","description":"Fundación para la promoci´no de derechos de las personas con discapacidad y\/o riesgo de exclusión social","potentialAction":[{"@type":"SearchAction","target":{"@type":"EntryPoint","urlTemplate":"https:\/\/www.koine-aequalitas.org\/?s={search_term_string}"},"query-input":{"@type":"PropertyValueSpecification","valueRequired":true,"valueName":"search_term_string"}}],"inLanguage":"fr-FR"}]}</script>
<!-- / Yoast SEO plugin. -->

À la Fondation KOINE AEQUALITAS, nous développons des projets innovants et à fort impact dans différents domaines et thématiques. À cette fin, nous entretenons plusieurs réseaux de travail collaboratif avec lesquels nous développons continuellement des projets au niveau national et européen, et avec lesquels nous avons établi des méthodologies de travail basées sur le respect [&hellip;]

Fundación para la promoci´no de derechos de las personas con discapacidad y/o riesgo de exclusión social
